{"id":55,"date":"2015-01-07T16:53:06","date_gmt":"2015-01-07T15:53:06","guid":{"rendered":"http:\/\/sporer-online.de\/?page_id=55"},"modified":"2026-04-03T15:43:18","modified_gmt":"2026-04-03T14:43:18","slug":"preise","status":"publish","type":"page","link":"https:\/\/sporer-online.de\/?page_id=55","title":{"rendered":"Preise"},"content":{"rendered":"\n<table id=\"tablepress-1\" class=\"tablepress tablepress-id-1\">\n<thead>\n<tr class=\"row-1\">\n\t<th class=\"column-1\">Plotten [1,2]<\/th><th class=\"column-2\">S\/W EUR\/m\u00b2<\/th><th class=\"column-3\">Color EUR\/m\u00b2<\/th>\n<\/tr>\n<\/thead>\n<tbody class=\"row-hover\">\n<tr class=\"row-2\">\n\t<td class=\"column-1\">Strichzeichnung Normalpapier 80 g\/m\u00b2 <\/td><td class=\"column-2\">5,10<\/td><td class=\"column-3\">7,45<\/td>\n<\/tr>\n<tr class=\"row-3\">\n\t<td class=\"column-1\">Strichzeichnung Normalpapier 110 g\/m\u00b2 <\/td><td class=\"column-2\">5,30<\/td><td class=\"column-3\">7,65<\/td>\n<\/tr>\n<tr class=\"row-4\">\n\t<td class=\"column-1\">Farbfl\u00e4chen\/Vollfarbe Normalpapier 80 g\/m\u00b2 <\/td><td class=\"column-2\">14,05<\/td><td class=\"column-3\">14,05<\/td>\n<\/tr>\n<tr class=\"row-5\">\n\t<td class=\"column-1\">Farbfl\u00e4chen\/Vollfarbe Normalpapier 110 g\/m\u00b2 <\/td><td class=\"column-2\">14,25<\/td><td class=\"column-3\">14,25<\/td>\n<\/tr>\n<\/tbody>\n<\/table>\n<!-- #tablepress-1 from cache -->\n\n<table id=\"tablepress-3\" class=\"tablepress tablepress-id-3\">\n<thead>\n<tr class=\"row-1\">\n\t<th class=\"column-1\">Scannen<\/th><th class=\"column-2\">EUR<\/th>\n<\/tr>\n<\/thead>\n<tbody class=\"row-hover\">\n<tr class=\"row-2\">\n\t<td class=\"column-1\">DIN A4 \/ A3 pro St\u00fcck<\/td><td class=\"column-2\">0,25<\/td>\n<\/tr>\n<tr class=\"row-3\">\n\t<td class=\"column-1\">Gro\u00dfformat \u00fcber A3 (Pl\u00e4ne) pro m\u00b2<\/td><td class=\"column-2\">6,50<\/td>\n<\/tr>\n<\/tbody>\n<\/table>\n<!-- #tablepress-3 from cache -->\n\n<table id=\"tablepress-4\" class=\"tablepress tablepress-id-4\">\n<thead>\n<tr class=\"row-1\">\n\t<th class=\"column-1\">Schwarzwei\u00df-Kopien [1,2]<\/th><th class=\"column-2\">A3 <br \/>\nEUR\/St\u00fcck<\/th><th class=\"column-3\">A4<br \/>\nEUR\/St\u00fcck<\/th>\n<\/tr>\n<\/thead>\n<tbody class=\"row-hover\">\n<tr class=\"row-2\">\n\t<td class=\"column-1\">Normalpapier 80g<\/td><td class=\"column-2\">0,28<\/td><td class=\"column-3\">0,14<\/td>\n<\/tr>\n<tr class=\"row-3\">\n\t<td class=\"column-1\">Aufschlag Papier 120g<\/td><td class=\"column-2\">0,05<\/td><td class=\"column-3\">0,05<\/td>\n<\/tr>\n<tr class=\"row-4\">\n\t<td class=\"column-1\">Aufschlag Papier 250g<\/td><td class=\"column-2\">0,10<\/td><td class=\"column-3\">0,10<\/td>\n<\/tr>\n<\/tbody>\n<\/table>\n<!-- #tablepress-4 from cache -->\n\n<table id=\"tablepress-5\" class=\"tablepress tablepress-id-5\">\n<thead>\n<tr class=\"row-1\">\n\t<th class=\"column-1\">Farbkopien [1,2]<\/th><th class=\"column-2\">A3 <br \/>\nEUR\/St\u00fcck<\/th><th class=\"column-3\">A4 <br \/>\nEUR\/St\u00fcck<\/th>\n<\/tr>\n<\/thead>\n<tbody class=\"row-hover\">\n<tr class=\"row-2\">\n\t<td class=\"column-1\">Normalpapier 80g<\/td><td class=\"column-2\">0,80<\/td><td class=\"column-3\">0,40<\/td>\n<\/tr>\n<tr class=\"row-3\">\n\t<td class=\"column-1\">Aufschlag Papier 120g<\/td><td class=\"column-2\">0,05<\/td><td class=\"column-3\">0,05<\/td>\n<\/tr>\n<tr class=\"row-4\">\n\t<td class=\"column-1\">Aufschlag Papier 250g<\/td><td class=\"column-2\">0,10<\/td><td class=\"column-3\">0,10<\/td>\n<\/tr>\n<\/tbody>\n<\/table>\n<!-- #tablepress-5 from cache -->\n\n<table id=\"tablepress-6\" class=\"tablepress tablepress-id-6\">\n<thead>\n<tr class=\"row-1\">\n\t<th class=\"column-1\">Digitaldruck [1,2] <br \/>\n(PDF Vorlage)<\/th><th class=\"column-2\">A3 <br \/>\nEUR\/St\u00fcck<\/th><th class=\"column-3\">A4 <br \/>\nEUR\/St\u00fcck<\/th>\n<\/tr>\n<\/thead>\n<tbody class=\"row-hover\">\n<tr class=\"row-2\">\n\t<td class=\"column-1\">Schwarzwei\u00df<br \/>\nNormalpapier 80g<\/td><td class=\"column-2\">0,24<\/td><td class=\"column-3\">0,12<\/td>\n<\/tr>\n<tr class=\"row-3\">\n\t<td class=\"column-1\">Farbe<br \/>\nNormalpapier 80g<\/td><td class=\"column-2\">0,76<\/td><td class=\"column-3\">0,38<\/td>\n<\/tr>\n<tr class=\"row-4\">\n\t<td class=\"column-1\">Aufschlag Papier 120g<\/td><td class=\"column-2\">0,05<\/td><td class=\"column-3\">0,05<\/td>\n<\/tr>\n<tr class=\"row-5\">\n\t<td class=\"column-1\">Aufschlag Papier 250g<\/td><td class=\"column-2\">0,10<\/td><td class=\"column-3\">0,10<\/td>\n<\/tr>\n<\/tbody>\n<\/table>\n<!-- #tablepress-6 from cache -->\n\n<table id=\"tablepress-7\" class=\"tablepress tablepress-id-7\">\n<thead>\n<tr class=\"row-1\">\n\t<th class=\"column-1\">Nachbearbeitung [4]<\/th><th class=\"column-2\">EUR \/<br \/>\nLfm. Umfang<\/th>\n<\/tr>\n<\/thead>\n<tbody class=\"row-hover\">\n<tr class=\"row-2\">\n\t<td class=\"column-1\">Schneiden und Falten<\/td><td class=\"column-2\">0,60<\/td>\n<\/tr>\n<tr class=\"row-3\">\n\t<td class=\"column-1\">Schneiden<\/td><td class=\"column-2\">0,30<\/td>\n<\/tr>\n<tr class=\"row-4\">\n\t<td class=\"column-1\">Falten<\/td><td class=\"column-2\">0,30<\/td>\n<\/tr>\n<\/tbody>\n<\/table>\n<!-- #tablepress-7 from cache -->\n\n<table id=\"tablepress-8\" class=\"tablepress tablepress-id-8\">\n<thead>\n<tr class=\"row-1\">\n\t<th class=\"column-1\">Lieferservice<\/th><th class=\"column-2\">Abholung<br \/>\nEUR<\/th><th class=\"column-3\">Lieferung<br \/>\nEUR<\/th>\n<\/tr>\n<\/thead>\n<tbody class=\"row-hover\">\n<tr class=\"row-2\">\n\t<td class=\"column-1\">Zone 1, bis zu 8 Km einfache Entfernung<\/td><td class=\"column-2\">4,80<\/td><td class=\"column-3\">4,80<\/td>\n<\/tr>\n<tr class=\"row-3\">\n\t<td class=\"column-1\">Zone 2, bis zu 15 Km einfache Entfernung<\/td><td class=\"column-2\">9,00<\/td><td class=\"column-3\">9,00<\/td>\n<\/tr>\n<\/tbody>\n<\/table>\n<!-- #tablepress-8 from cache -->\n\n<table id=\"tablepress-9\" class=\"tablepress tablepress-id-9\">\n<thead>\n<tr class=\"row-1\">\n\t<th class=\"column-1\">Postversand [3]<\/th><th class=\"column-2\">Gro\u00dfbrief<br \/>\nMaxibrief<br \/>\nEUR<\/th><th class=\"column-3\">P\u00e4ckchen<br \/>\nPaket<br \/>\nEUR<\/th>\n<\/tr>\n<\/thead>\n<tbody class=\"row-hover\">\n<tr class=\"row-2\">\n\t<td class=\"column-1\">Verpackung und Adressierung<br \/>\n(pro Adressat)<\/td><td class=\"column-2\">0,35<\/td><td class=\"column-3\">0,75<\/td>\n<\/tr>\n<tr class=\"row-3\">\n\t<td class=\"column-1\">Postauflieferung<br \/>\n(pauschal pro Auftrag)<\/td><td class=\"column-2\">3,00<\/td><td class=\"column-3\">3,00<\/td>\n<\/tr>\n<tr class=\"row-4\">\n\t<td class=\"column-1\">Frankierung<\/td><td class=\"column-2\">Nach Aufwand<\/td><td class=\"column-3\">Nach Aufwand<\/td>\n<\/tr>\n<\/tbody>\n<\/table>\n<!-- #tablepress-9 from cache -->\n<hr \/>\n<p>G\u00fcltig ab 01.04.2026 bis Widerruf oder Erscheinen einer neuen Preisliste; Alle angegebenen Preise sind <strong>Nettopreise<\/strong> und werden zuz\u00fcglich gesetzlicher MwSt in Rechnung gestellt.<\/p>\n<p>[1] Preise jeweils inklusive Nachbearbeitung (Schneiden, Falten, Sortieren, Lochen, Heften), ausgenommen Originale, sowie Plots oder Kopien mit Spezialfaltung oder mehr als 90 cm Breite.<br \/>\nDoppelseitige Kopien\/Digitaldrucke werden als zwei Seiten berechnet.<br \/>\n[2] Andere Papiersorten (Transparent, Fotopapier, Leinwand, etc.) auf Anfrage<br \/>\n[3] Sendungen \u00fcber 31,5 Kg auf Anfrage<br \/>\n[4] Bearbeitung angelieferter Originale, sowie Plots oder Kopien mit Spezialfaltung oder mehr als 90 cm Breite<\/p>\n<hr \/>\n<p>Unsere <a href=\"https:\/\/sporer-online.de\/wp-content\/uploads\/2026\/04\/Preisliste-ab-2026-04.pdf\" target=\"_blank\" rel=\"noopener\">Preisliste<\/a> als PDF-Datei.<\/p>\n","protected":false},"excerpt":{"rendered":"<p>G\u00fcltig ab 01.04.2026 bis Widerruf oder Erscheinen einer neuen Preisliste; Alle angegebenen Preise sind Nettopreise und werden zuz\u00fcglich gesetzlicher MwSt in Rechnung gestellt. [1] Preise jeweils inklusive Nachbearbeitung (Schneiden, Falten, Sortieren, Lochen, Heften), ausgenommen Originale, sowie Plots oder Kopien mit Spezialfaltung oder mehr als 90 cm Breite. Doppelseitige Kopien\/Digitaldrucke werden als zwei Seiten berechnet. [2] &#8230; <a title=\"Preise\" class=\"read-more\" href=\"https:\/\/sporer-online.de\/?page_id=55\" aria-label=\"Mehr Informationen \u00fcber Preise\">Weiterlesen<\/a><\/p>\n","protected":false},"author":1,"featured_media":0,"parent":0,"menu_order":0,"comment_status":"closed","ping_status":"closed","template":"","meta":{"footnotes":""},"class_list":["post-55","page","type-page","status-publish"],"_links":{"self":[{"href":"https:\/\/sporer-online.de\/index.php?rest_route=\/wp\/v2\/pages\/55","targetHints":{"allow":["GET"]}}],"collection":[{"href":"https:\/\/sporer-online.de\/index.php?rest_route=\/wp\/v2\/pages"}],"about":[{"href":"https:\/\/sporer-online.de\/index.php?rest_route=\/wp\/v2\/types\/page"}],"author":[{"embeddable":true,"href":"https:\/\/sporer-online.de\/index.php?rest_route=\/wp\/v2\/users\/1"}],"replies":[{"embeddable":true,"href":"https:\/\/sporer-online.de\/index.php?rest_route=%2Fwp%2Fv2%2Fcomments&post=55"}],"version-history":[{"count":21,"href":"https:\/\/sporer-online.de\/index.php?rest_route=\/wp\/v2\/pages\/55\/revisions"}],"predecessor-version":[{"id":300,"href":"https:\/\/sporer-online.de\/index.php?rest_route=\/wp\/v2\/pages\/55\/revisions\/300"}],"wp:attachment":[{"href":"https:\/\/sporer-online.de\/index.php?rest_route=%2Fwp%2Fv2%2Fmedia&parent=55"}],"curies":[{"name":"wp","href":"https:\/\/api.w.org\/{rel}","templated":true}]}}